*h - 56. Calculate p(3).
31
Let k(s) = -28*s**3 - 1. Determine k(1).
-29
Let k(b) = -b**2 - 9*b + 25. What is k(-11)?
3
Let l(p) = -p**2 - 6*p + 22. Calculate l(6).
-50
Let p(c) = 4*c**2 - 4*c - 3. Give p(-3).
45
Let j(i) = -i + 10. What is j(6)?
4
Let n(g) = -2*g**2 - 13*g - 18. Calculate n(-5).
-3
Let r(s) = s**2 + 6*s - 5. Calculate r(-8).
11
Let z(d) = 2*d + 11. What is z(-7)?
-3
Let k(i) = -i**3 + 4*i**2 + i + 17. Calculate k(5).
-3
Let k(h) = h**2 + 14*h - 4. Give k(-16).
28
Let i(y) = -y**2 - 20*y - 47. Calculate i(-18).
-11
Let v(x) = 23*x - 314. Calculate v(14).
8
Let h(o) = 7*o + 7. Give h(-9).
-56
Let o(j) = -j**2 + 20*j - 106. Determine o(11).
-7
Let g(o) = 5*o - 18. Determine g(8).
22
Let b(g) = -g**2 + 13*g - 45. Determine b(6).
-3
Let v(j) = 3*j**2 - 8*j + 3. Calculate v(2).
-1
Let l(k) = -k**3 - 15*k**2 + 16*k - 7. Calculate l(-16).
-7
Let j(g) = g**2 + 2*g + 18. Determine j(0).
18
Let q(n) = n**3 + 7*n**2 + 3*n - 8. Calculate q(-6).
10
Let p(w) = 8*w - 20. What is p(3)?
4
Let f(s) = -s + 1. What is f(7)?
-6
Let a(u) = -2*u**2 + 34*u - 12. Give a(16).
20
Let g(p) = 2*p**3 + 10*p**2 + 7. Calculate g(-5).
7
Let d(n) = -3*n**2 + 4*n - 2. Determine d(2).
-6
Let n(m) = -9*m - 5. Give n(-3).
22
Let j(w) = 5*w - 9. Calculate j(-3).
-24
Let v(d) = d**3 - 10*d**2 + 10*d - 9. Give v(9).
0
Let m(r) = r**2 + 15*r - 1. Determine m(-15).
-1
Let c(u) = u**3 + 8*u**2 + 2*u + 2. Calculate c(-8).
-14
Let q(o) = 2*o**3 + 48*o**2 - 4*o - 38. Determine q(-24).
58
Let l(d) = 7*d - 5. Give l(-4).
-33
Let i(b) = -3*b + 20. What is i(4)?
8
Let v(h) = h**3 + 7*h**2 - 10*h + 8. Give v(-8).
24
Let a(t) = 3*t + 13. What is a(-6)?
-5
Let h(o) = o**3 - 3*o**2 - 2*o - 7. What is h(4)?
1
Let c(a) = 3*a**2 + 5*a - 3. What is c(1)?
5
Let a(l) = l**2 - 9*l + 11. Calculate a(5).
-9
Let n(p) = -p**2 - 4*p + 4. What is n(-5)?
-1
Let z(f) = f**3 - 5*f**2 - 19*f + 6. What is z(8)?
46
Let o(m) = -m**2 - 19*m + 5. Calculate o(-21).
-37
Let z(l) = -l**2 - 16*l - 9. Give z(-12).
39
Let h(x) = 5*x + 65. What is h(-15)?
-10
Let u(n) = -n**2 - 40*n - 145. Calculate u(-36).
-1
Let a(q) = 3*q**3 - 3*q**2 + 6*q - 4. What is a(1)?
2
Let b(q) = q - 23. Give b(-6).
-29
Let z(x) = x**3 - 9*x**2 + 12*x - 19. What is z(8)?
13
Let i(f) = f**2 - 5*f - 11. Determine i(9).
25
Let b(i) = -46*i - 20. Calculate b(-1).
26
Let j(q) = q**3 + 11*q**2 - 9. Give j(-11).
-9
Let z(o) = -o**3 - 6*o**2 + 5*o + 2. Determine z(-3).
-40
Let g(s) = -s - 39. Give g(-7).
-32
Let j(l) = 2*l - 13. Give j(12).
11
Let k(u) = u**2 + 4*u + 4. Determine k(-5).
9
Let g(v) = -7*v + 5. Calculate g(2).
-9
Let l(a) = a - 8. Give l(6).
-2
Let t(m) = 10*m - 48. Determine t(16).
112
Let p(n) = -n**2 + 6*n + 6. What is p(5)?
11
Let v(u) = -u**3 + 5*u**2 + 15*u - 1. What is v(7)?
6
Let i(a) = a**2 + 13*a + 24. Determine i(-12).
12
Let r(y) = -2*y**3 + 5*y**2 - 5*y - 4. Calculate r(2).
-10
Let w(p) = -p**3 - 6*p**2 + 5*p - 1. What is w(-8)?
87
Let j(s) = s**3 + 6*s**2 + 5*s + 4. Calculate j(-5).
4
Let c(l) = -l**2 + 9*l + 3. What is c(8)?
11
Let g(n) = n**3 - 2*n**2 - 10*n - 7. Give g(5).
18
Let u(c) = -17*c - 4. Give u(-3).
47
Let p(w) = -2*w**2 + 8*w - 10. Calculate p(9).
-100
Let s(v) = -v**2 + v - 12. What is s(0)?
-12
Let g(b) = -12*b + 6. Determine g(1).
-6
Let y(z) = -26*z - 204. Give y(-8).
4
Let t(v) = v**3 + 26*v**2 + 11*v - 351. Give t(-25).
-1
Let c(q) = -2*q**2 + 29*q + 27. Give c(16).
-21
Let o(v) = -4*v. Give o(-4).
16
Let n(o) = -15*o. Calculate n(-1).
15
Let g(o) = 90*o**3 + o**2 - 2. What is g(1)?
89
Let x(o) = -10*o**2 - 51*o + 1. What is x(-5)?
6
Let p(o) = 16*o - 5. What is p(1)?
11
Let i(x) = -7*x - 4. What is i(-4)?
24
Let o(t) = 2*t**2 + 10*t + 1. Determine o(-5).
1
Let g(u) = -2*u + 12. Give g(6).
0
Let a(m) = 4*m - 4. Calculate a(3).
8
Let u(t) = -t**3 - 8*t**2 - 11*t + 8. Determine u(-7).
36
Let f(s) = 2*s**2 + 41*s + 59. Give f(-19).
2
Let j(b) = -b**3 - 8*b**2 - 5*b. What is j(-7)?
-14
Let u(h) = 2*h**2 + 188*h + 192. Give u(-93).
6
Let o(c) = -9*c + 7. Determine o(-9).
88
Let y(o) = o**3 + 6*o**2 - 2*o - 7. Give y(-5).
28
Let o(q) = -q**3 - 4*q**2 + q + 7. Calculate o(-5).
27
Let v(n) = -n**2 - 12*n + 16. What is v(-10)?
36
Let t(q) = -23*q - 65. Calculate t(-7).
96
Let s(w) = -w**3 - 10*w**2 + 25*w + 6. What is s(-12)?
-6
Let w(u) = u**2 - 4*u - 6. Calculate w(6).
6
Let t(z) = -19*z + 126. Give t(6).
12
Let t(n) = n + 12. Determine t(-12).
0
Let b(z) = -13*z**3 - z - 2. What is b(-1)?
12
Let f(t) = -5*t - 48. What is f(-12)?
12
Let l(h) = h**2 - 2*h - 4. Calculate l(-4).
20
Let o(p) = -6*p**2 - 2*p + 1. Give o(1).
-7
Let n(m) = 2*m - 34. Give n(-19).
-72
Let q(v) = 3*v**2 + 5*v - 1. Give q(-3).
11
Let h(g) = -g**3 + 14*g**2 - 28*g - 12. Give h(3).
3
Let p(s) = -4*s - 55. Give p(-14).
1
Let c(z) = z**2 + z - 25. Calculate c(-5).
-5
Let k(x) = x + 8. What is k(5)?
13
Let q(g) = -3*g**2 - 21*g - 11. Calculate q(-6).
7
Let a(y) = y**3 + 16*y**2 - 2*y - 44. Determine a(-16).
-12
Let a(f) = -11*f + 18. Give a(6).
-48
Let p(n) = 10*n - 1. What is p(-3)?
-31
Let x(y) = 4*y + 86. Give x(-22).
-2
Let l(w) = -w**3 - 39*w**2 + 48*w + 317. What is l(-40)?
-3
Let w(j) = j**3 - 15*j**2 + 19*j - 87. Calculate w(14).
-17
Let h(u) = 3*u**3 + 24*u**2 + 19*u - 21. Determine h(-7).
-7
Let f(j) = -j**2 + 11*j - 4. Calculate f(11).
-4
Let g(u) = 14*u - 3. Calculate g(-3).
-45
Let p(h) = 2*h**2 + 6*h + 3. What is p(-4)?
11
Let p(g) = 7*g**2 + 3*g + 1. Calculate p(-2).
23
Let u(z) = -6*z**2 - 76*z + 26. Calculate u(-13).
0
Let h(z) = z**3 + 6*z**2 - 7*z - 1. Calculate h(-7).
-1
Let u(n) = n**3 - 9*n**2 - 4*n - 8. Give u(9).
-44
Let g(q) = -q**3 + 5*q**2 + 7*q - 1. Give g(6).
5
Let t(v) = 4*v + 4. What is t(-4)?
-12
Let r(c) = c**2 + 20*c - 21. What is r(-24)?
75
Let p(d) = -d**3 - 2*d**2 + 4*d - 3. Calculate p(-3).
-6
Let n(c) = -c + 3. Determine n(8).
-5
Let k(j) = -j**3 - 8*j**2 - 6*j - 3. Determine k(-4).
-43
Let l(b) = -b**2 - 20*b + 17. Determine l(-20).
17
Let n(q) = 3*q**2 + q. Calculate n(2).
14
Let k(o) = o**3 - 20*o**2 - 22*o + 27. Determine k(21).
6
Let b(x) = 3*x**3 - 4*x**2 + 6*x - 6. What is b(2)?
14
Let x(h) = h**2 - 10*h - 3. Calculate x(8).
-19
Let f(t) = -4*t + 91. Calculate f(15).
31
Let x(q) = q**2 + 10*q - 136. Determine x(8).
8
Let i(m) = -3*m**2 + 2*m. Calculate i(2).
-8
Let s(y) = 5*y**2 - y - 3. Give s(-2).
19
Let z(t) = -t**3 - 6*t**2 + 2*t + 5. What is z(-4)?
-35
Let c(g) = 26*g**2 + 2*g + 1. What is c(-1)?
25
Let c(f) = -2*f**2 + 12*f - 26. What is c(9)?
-80
Let j(h) = 4*h + 79. Determine j(-25).
-21
Let p(h) = -2*h**2 - 5*h + 20. What is p(0)?
20
Let t(w) = w + 24. Determine t(-14).
10
Let o(w) = -w**2 + 8*w - 6. Calculate o(6).
6
Let a(s) = 35*s - 77. What is a(4)?
63
Let v(b) = -b**2 + 8*b + 23. Give v(-2).
3
Let j(l) = -l + 20. Give j(11).
9
Let a(x) = -x**3 - 7*x**2 - 4*x + 2. Give a(-4).
-30
Let l(x) = -18*x + 1. Give l(2).
-35
Let r(b) = 7*b - 50. Calculate r(6).
-8
Let y(t) = t - 48. Determine y(-4).
-52
Let o(j) = -j**3 + 5*j**2 + 8*j + 2. Give o(6).
14
Let l(h) = -10*h - 65. Determine l(-7).
5
Let z(g) = g**3 + 8*g**2 - 21*g - 5. Determine z(-10).
5
Let d(b) = 2*b**3 - 2*b**2 - 3*b + 4. Give d(3).
31
Let m(b) = 3*b + 25. Give m(-8).
1
Let k(z) = z**3 + 6*z**2 - 7*z - 4. Determine k(-7).
-4
Let z(n) = 2*n**3 - 9*n**2 - 39. Determine z(7).
206
Let n(m) = -67*m + 10. Calculate n(-2).
144
Let n(k) = -k**3 - 16*k**2 - 16*k + 7. Calculate n(-15).
22
Let c(s) = -s**3 + 4. Determine c(0).
4
Let c(k) = -k**3 + 9*k**2 + 9*k - 13. Give c(10).
-23
Let t(b) = -b**2 + 26*b + 82. Give t(28).
26
Let z(l) = -3*l + 28. Determine z(10).
-2
Let l(m) = m**2 + 11*m - 1. Determine l(-7).
-29
Let i(k) = -k**3 + k**2 + 2. Determine i(0).
2
Let d(y) = -7*y**2 + y + 4. Give d(-2).
-26
Let r(h) = -h**2 - 20*h - 17. What is r(-15)?
58
Let l(p) = -p**2 - 2*p + 12. Calculate l(-4).
4
Let r(n) = 4*n - 40. Calculate r(9).
-4
Let u(n) = -n + 8. Calculate u(5).
3
Let m(j) = -j**2 + 4*j - 6. What is m(-7)?
-83
Let b(u) = u**3 - 13*u**2 - 31*u + 12. Give b(15).
-3
Let z(o) = o**3 - 8*o**2 - 7*o + 17. Determine z(9).
35
Let r(j) = 76*j - 231. What is r(3)?
-3
Let c(r) = r + 7. Determine c(-13).
-6
Let u(b) = -6*b**2 - b + 2. Give u(1).
-5
Let p(t) = 61*t + 545. What is p(-9)?
-4
Let m(f) = 7*f - 46. What is m(7)?